*l + 124*l. Let t = 560 + l. List the prime factors of t.
2, 257
Let o(k) = -11*k. Suppose 0 = -3*p + 4*p + 11. Let d be o(p). List the prime factors of 3/15 - 12/(-15)*d.
97
Suppose 3*o = 7*o - 5*b + 112, 3*b - 112 = 4*o. Let q = o - -307. What are the prime factors of q?
3, 31
Let t(h) = 2 + 2*h**2 - 6*h + 0*h**2 + 4*h + 10*h**3 + 0*h**2. Let m be t(3). Suppose -4*n + 2*s + m = -0*s, 0 = 4*s + 16. What are the prime factors of n?
3, 23
Let t(g) = g**2 + 954. List the prime factors of t(-73).
61, 103
Let q = -33397 + 41847. What are the prime factors of q?
2, 5, 13
Let z(a) = 14*a**3 + 39*a**2 - 252*a + 22. List the prime factors of z(9).
11119
Let u(t) = -4736*t - 10500. List the prime factors of u(-8).
2, 41, 167
Let x = 18133 + 14730. List the prime factors of x.
59, 557
Let j(s) = -497*s**3 + s**2 + 5*s + 6. Let b be j(-1). Let a = b + -303. List the prime factors of a.
2, 7
Let f be (5/(-2))/(((-63)/14)/9). Suppose 0 = -f*j + 5*t + 4090, -3307 = -6*j + 2*j - 3*t. What are the prime factors of j?
823
Let z be 107 + 5/(5/(-4)) + 1. Let c = z + -100. Suppose -741 = -c*g + 387. List the prime factors of g.
2, 3, 47
Let h be 4/(-18) + 120/54. Suppose h*z = -0*z + 2880. List the prime factors of z.
2, 3, 5
Let i(v) = -v**3 - 4*v**2 - v - 7. Suppose 0 = -3*q - q - b + 83, -5*q + 3*b = -108. Let y = -27 + q. List the prime factors of i(y).
71
Suppose 0 = 143*o - 164*o + 16611. List the prime factors of o.
7, 113
Suppose -2*s + 5290 = -p + 2*s, -3*p = 2*s + 15800. Let z = 2865 + p. List the prime factors of 2/(-8) + z/(-52).
2, 23
Suppose 6*v - 4*x - 399926 = 0, 0 = 137*v - 136*v - 2*x - 66661. List the prime factors of v.
3, 13, 1709
Let v(s) = s - 360. Let c be v(0). Let i = -4160 + 3956. Let j = i - c. List the prime factors of j.
2, 3, 13
Suppose -6*v - 4 = -46. Let a be 1/(-2)*(v - 1). What are the prime factors of 3304/42 - 4/a?
2, 5
Suppose -3*s - m = -2480 - 2559, 0 = 4*s + 2*m - 6722. Let l = s + -950. List the prime factors of l.
2, 7, 13
Let r be (1 + 9)*(-11)/(-2). Suppose 2*u = 5*q - 65, -3*q = u + 2*q + r. Let i = -11 - u. What are the prime factors of i?
29
Let y = -13899 - -29262. List the prime factors of y.
3, 569
Let d(c) = 3030*c**2 + 494*c + 1954. What are the prime factors of d(-4)?
2, 24229
Let r = 1454 + -2510. What are the prime factors of (3/(-4) - -1)*(-4 - r)?
263
Suppose -26*w - 9863 = -27*w + 4*k, -5*w + 2*k + 49261 = 0. What are the prime factors of w?
9851
Suppose 6 + 6 = 4*t - 3*c, 4*t = 5*c + 20. Suppose 8 = 2*x, -4*x = -2*f - 7 + 1. Suppose -565 = -f*z + 5*d, 4*d + 338 = -t*z + 3*z. List the prime factors of z.
2, 3, 19
Let x = 101 + -106. What are the prime factors of (-200)/(0 + x/10)?
2, 5
Suppose 0 = -4*w + 8, -4*j + 0*w = 5*w - 2218. Suppose 0 = -6*o + 246 + j. What are the prime factors of o?
7, 19
Suppose l - 2*g = -7*g - 3, -2*l + 3*g + 20 = 0. Let b(f) = f**2 + f - 12. Let a be b(3). Suppose -3*y + l*y - 432 = a. List the prime factors of y.
2, 3
Suppose -4*j + a = -68527, -136*j = -131*j + 5*a - 85640. List the prime factors of j.
37, 463
List the prime factors of (-3)/(72/(-168)) + (1 - -2009).
2017
Let o(y) = -y**3 + 9*y**2 - 7*y - 9. Let x be o(8). Let c be 10/(-4*(x - (-84)/88)). Let k = 93 - c. List the prime factors of k.
2, 19
Suppose -6*z + 4*m = -9*z + 4148, 4180 = 3*z - 4*m. What are the prime factors of z?
2, 347
Let a(k) = 197*k + 3055. List the prime factors of a(52).
3, 11, 13, 31
Let h = 6156 + 37045. What are the prime factors of h?
43201
Let p = -25604 + 43783. What are the prime factors of p?
7, 53
Let g(p) = 22*p**2 + 18*p + 8. Suppose 4*k = k - 3*a - 18, -k + 5*a = 0. What are the prime factors of g(k)?
2, 3, 13
Suppose 3*j - g = -6*g + 68, 5*g - 5 = 0. Suppose j*v = 26*v - 2370. What are the prime factors of v?
2, 3, 79
Suppose 866*a = 863*a + 10122. List the prime factors of a.
2, 7, 241
Let h = 110 - 188. Let o = 200 + h. What are the prime factors of o?
2, 61
Let o = 488 - 342. Let s(z) = 17*z - 4. Let p be s(-4). Let l = p + o. List the prime factors of l.
2, 37
Let m(b) = 1061*b + 1325. List the prime factors of m(30).
5, 19, 349
List the prime factors of -5 - ((-4)/(-24)*4 - (-41039)/(-3)).
2, 3, 43, 53
Suppose -4*t + 208 = -3*i, 0*i + 2*t - 328 = 5*i. Let f be i*1 - (2 - -7)/3. Let u = f - -151. What are the prime factors of u?
2, 3, 7
Let q = -139 + 243. Suppose 100*u + 5048 = q*u. List the prime factors of u.
2, 631
Let v(k) = 3*k - 14. Let u be v(6). Let r(i) = -73*i - 5. Let d be r(-4). Suppose -u*j = -5*h + 278, 3*h + 104 = -3*j + d. List the prime factors of h.
2, 29
Suppose -4*r = 35*i - 40*i - 147210, 9*i = 3*r - 110418. List the prime factors of r.
2, 5, 23
Let j(m) be the third derivative of 119*m**4/12 + 4*m**3 + 8*m**2 - 9. What are the prime factors of j(4)?
2, 61
Suppose 5*v = -6 - 4. Let o be v/(-17) + 18348/102. Suppose -4*y = 3*x - 673, -x = y - o + 12. List the prime factors of y.
13
Suppose -3*o - 12 = -6*o. Suppose 2*s + 1938 = 3*u + 254, 0 = -o*u - 5*s + 2207. What are the prime factors of u?
2, 3, 31
Let a = 2952 - -14357. List the prime factors of a.
19, 911
Suppose 6*f - 246 = 3*f. Let x = 86 - f. Suppose 0 = 2*p - 0*s - 5*s - 264, s - 572 = -x*p. What are the prime factors of p?
2, 71
Suppose -5*u + 2*r = 6852, -5*r - 5064 = 5*u + 1816. What are the prime factors of -2 + (-6 - -4) - (u + 2)?
2, 683
Suppose -14*m + 4 = -13*m. Suppose -3*q + 2*h = -6*q + 579, -h - 783 = -m*q. List the prime factors of q.
3, 5, 13
Suppose -3*n - 4*p + 15 = 0, -4*p = 4*n - 2*n - 6. Suppose 5*v = -x + n, 3*v - 1 - 1 = -4*x. What are the prime factors of x*(-8)/10*(-1505)/(-14)?
2, 43
Let w(n) = 50*n + 92. Let k be w(9). Suppose 4*j - 326 = k. List the prime factors of j.
7, 31
Let m(a) be the first derivative of a**4/2 + 4*a**3/3 - 3*a**2/2 + 5*a - 32. Let b = -4 - -7. List the prime factors of m(b).
2, 43
Suppose 173*i = 204*i - 1160330. List the prime factors of i.
2, 5, 19, 197
Let s = -76 + 78. Suppose h + 0*r - 398 = 3*r, -s*r = 3*h - 1227. Suppose -h = -8*u + 377. What are the prime factors of u?
2, 7
Let a(n) = -n**3 - 46*n**2 + 162*n + 148. What are the prime factors of a(-53)?
5, 449
Let u = -80 + 296. Suppose 223*i - u*i = 10024. What are the prime factors of i?
2, 179
Suppose 0 = -5*m + y + 4*y + 65, -5*m - 2*y = -65. List the prime factors of ((-120)/9)/(m/(-195)).
2, 5
Let v(n) = 4 - 10*n - 25*n + 11*n. Let l = -295 + 290. What are the prime factors of v(l)?
2, 31
Let w(p) = 141*p**2 - 26*p + 52. What are the prime factors of w(16)?
2, 8933
Suppose -4*c - 2226 = -2214, 2*u - 2*c = 150640. What are the prime factors of u?
11, 41, 167
Let x(h) = 16*h**2 + 4*h + 36. Let r be x(-6). Suppose 1251 = 5*t + l, l + 161 = 3*t - r. List the prime factors of t.
2, 5
Let o be 6/(-10)*1935/(-3). Let n be 4/(1 - o/393). Suppose -3*s + 0*f = 2*f - n, -2*s + 188 = 4*f. What are the prime factors of s?
2, 3, 7
What are the prime factors of ((-1056294)/(-45) - -23) + 9/5?
2, 31, 379
Suppose -3*i - i = 21457 - 73601. List the prime factors of i.
2, 3259
Suppose m - 2 = 5*c - 22, -3*c - m + 12 = 0. Suppose c*j + n - 2648 = 0, 4*n + 87 = 3*j - 1880. List the prime factors of j.
661
List the prime factors of -5 - (-2 + 16 - 5 - 9 - 28731).
2, 53, 271
Let k = -21301 - -54994. What are the prime factors of k?
3, 11, 1021
Let j = 39 + -35. Suppose 5*y - 5*a - 2765 = -0*y, 2*a = -j*y + 2200. List the prime factors of y.
19, 29
Suppose -5617 = -15*u + 6173. Let s = -91 + u. List the prime factors of s.
5, 139
Let h(x) = -4*x**3 + 5*x**2 - 15*x - 24. Let z be h(-7). Suppose 2*b + 2*q - z = 0, -8*b - 3*q = -6*b - 1699. List the prime factors of b.
2, 53
List the prime factors of 21799 + 6/26 + 2552/377.
2, 10903
Suppose 10*s = -0*s + 220. Suppose -2*p - 16 = 4*j, -2*j - 8 = -4*p + 3*p. Let v = s - j. List the prime factors of v.
2, 13
Let h(n) = 5*n**2 + 4*n + 4. Let l be h(2). Suppose 0 = -4*w + l - 28. What are the prime factors of (200 - w) + (-1 - 1)?
197
Let v = 2974 - 2604. List the prime factors of v.
2, 5, 37
What are the prime factors of (26 + 40)/((-3)/(-1466) - (3 - 3))?
2, 11, 733
Let r(k) = -k**2 + 17*k - 45. Let o be r(13). Suppose 1224 = 4*x + 3*v, 3*x - o*v + 5*v = 935. Suppose -59 = -4*y + x. What are the prime factors of y?
2, 23
Let z(c) = -2*c**3 - 17*c**2 + 150*c